{"id":541,"date":"2019-02-07T10:17:54","date_gmt":"2019-02-07T10:17:54","guid":{"rendered":"https:\/\/assodivergence.wordpress.com\/?page_id=541"},"modified":"2019-02-07T10:17:54","modified_gmt":"2019-02-07T10:17:54","slug":"session-4","status":"publish","type":"page","link":"https:\/\/divergencelab.org\/index.php\/session-4\/","title":{"rendered":"Session 4"},"content":{"rendered":"<h1>Regards d\u00e9centr\u00e9s sur la sant\u00e9 mentale<\/h1>\n<p>Pour la quatri\u00e8me s\u00e9ance de l\u2019Atelier doctoral \u201c<em><strong>D\u00e9centrement culturel et circulation des savoirs : exp\u00e9riences p\u00e9riph\u00e9riques<\/strong><\/em>\u201c, nous discuterons les pr\u00e9sentations de\u00a0<strong>Priscila Farfan Barroso<\/strong> <span lang=\"ES\">(Br\u00e9sil)<\/span> et\u00a0de <b>Magnifique Neza <\/b>(Rwanda)<\/p>\n<p>Date: 14 f\u00e9vrier 2019 entre 15h \u2013 17h<\/p>\n<p>Adresse: EHESS, 54 bd Raspail 75006 Paris (salle A06_51)<\/p>\n<p><strong>France \/ Br\u00e9sil\u00a0: Les enjeux d\u2019une comparaison dans la recherche sur les politiques publiques \u00e0 destination des toxicomanes<\/strong><\/p>\n<p><em>Par Priscila Farfan Barroso (UFRGS &#8211; Br\u00e9sil\/Cermes3).<br \/>\n<\/em><\/p>\n<p>Ma recherche doctorale porte sur la mobilisation politique des communaut\u00e9s th\u00e9rapeutiques au Br\u00e9sil, qui sont une des composantes de l\u2019offre de sant\u00e9 du Syst\u00e8me Unique de Sant\u00e9 (SUS) aux personnes toxicomanes. Les donn\u00e9es collect\u00e9es proviennent des acteurs et des institutions de l\u2019\u00e9tat du Rio Grande do Sul qui participent aux discussions concernant les politiques publiques \u00e0 destination des toxicomanes, en particulier les f\u00e9d\u00e9rations de communaut\u00e9s th\u00e9rapeutiques, le Conseil de politiques publiques sur les drogues et le Secr\u00e9tariat d&#8217;\u00c9tat de la sant\u00e9 du Rio Grande do Sul. Cette communication vise d\u2019abord pr\u00e9senter mon exp\u00e9rience en France, notamment les discussions plus ou moins formelles au sujet de ma th\u00e8se que j\u2019ai eues avec des \u00e9tudiants et des enseignants, lors de rendez-vous, de colloques, ou de s\u00e9minaires. La communication examinera ensuite les sp\u00e9cificit\u00e9s et les dimensions socio-structurelles des enjeux de la drogue comme probl\u00e8me de sant\u00e9 publique au Br\u00e9sil et en France. J\u2019esp\u00e8re ainsi rendre compte des diff\u00e9rences et des similitudes entre les situations br\u00e9silienne et fran\u00e7aise analysant, en particulier, les relations entre les religions et l\u2019\u00c9tat, les cartographies des services de sant\u00e9, et les politiques publiques \u00e0 destination des toxicomanes dans les deux pays.<\/p>\n<p><strong>La folie des massacres: Enqu\u00eate ethnographique sur la sant\u00e9 mentale au Rwanda apr\u00e8s le g\u00e9nocide perp\u00e9tr\u00e9 contre les Tutsi en 1994<\/strong><\/p>\n<p><em>Par Magnifique Neza (EHESS\/ Cespra)<br \/>\n<\/em><\/p>\n<p><a href=\"https:\/\/enseignements-2018.ehess.fr\/2018\/ue\/2420\/\">More info<\/a><\/p>\n","protected":false},"excerpt":{"rendered":"<p>Regards d\u00e9centr\u00e9s sur la sant\u00e9 mentale Pour la quatri\u00e8me s\u00e9ance de l\u2019Atelier doctoral \u201cD\u00e9centrement culturel et circulation des savoirs : exp\u00e9riences p\u00e9riph\u00e9riques\u201c, nous discuterons les pr\u00e9sentations de\u00a0Priscila Farfan Barroso (Br\u00e9sil) et\u00a0de Magnifique Neza (Rwanda) Date: 14 f\u00e9vrier 2019 entre 15h \u2013 17h Adresse: EHESS, 54 bd Raspail 75006 Paris (salle A06_51) France \/ Br\u00e9sil\u00a0: Les&hellip;<\/p>\n","protected":false},"author":2,"featured_media":0,"parent":0,"menu_order":0,"comment_status":"closed","ping_status":"closed","template":"","meta":{"footnotes":""},"class_list":["post-541","page","type-page","status-publish","hentry"],"_links":{"self":[{"href":"https:\/\/divergencelab.org\/index.php\/wp-json\/wp\/v2\/pages\/541","targetHints":{"allow":["GET"]}}],"collection":[{"href":"https:\/\/divergencelab.org\/index.php\/wp-json\/wp\/v2\/pages"}],"about":[{"href":"https:\/\/divergencelab.org\/index.php\/wp-json\/wp\/v2\/types\/page"}],"author":[{"embeddable":true,"href":"https:\/\/divergencelab.org\/index.php\/wp-json\/wp\/v2\/users\/2"}],"replies":[{"embeddable":true,"href":"https:\/\/divergencelab.org\/index.php\/wp-json\/wp\/v2\/comments?post=541"}],"version-history":[{"count":0,"href":"https:\/\/divergencelab.org\/index.php\/wp-json\/wp\/v2\/pages\/541\/revisions"}],"wp:attachment":[{"href":"https:\/\/divergencelab.org\/index.php\/wp-json\/wp\/v2\/media?parent=541"}],"curies":[{"name":"wp","href":"https:\/\/api.w.org\/{rel}","templated":true}]}}